{"id":4081,"date":"2026-05-08T16:07:12","date_gmt":"2026-05-08T19:07:12","guid":{"rendered":"https:\/\/www.donachiquinhamf.com.br\/?product=blusa-manga-curta-lunender"},"modified":"2026-05-08T16:20:00","modified_gmt":"2026-05-08T19:20:00","slug":"blusa-manga-curta-lunender","status":"publish","type":"product","link":"https:\/\/www.donachiquinhamf.com.br\/?product=blusa-manga-curta-lunender","title":{"rendered":"Blusa Manga Curta Lunender"},"content":{"rendered":"<p>Pe\u00e7a confeccionada em malha de viscose com elastano, o que proporciona um toque macio, leveza e um caimento que se adapta bem ao corpo. Possui um comprimento mais curto, ideal para combinar com pe\u00e7as de cintura alta. Apresenta decote redondo e mangas curtas tradicionais, sem estampas, focando na versatilidade do uso di\u00e1rio. O tecido respir\u00e1vel e a elasticidade garantem liberdade de movimento e durabilidade. COMPOSI\u00c7\u00c3O: 96% Viscose e 4% Elastano.<\/p>\n","protected":false},"excerpt":{"rendered":"<p>Pe\u00e7a confeccionada em malha de viscose com elastano, o que proporciona um toque macio.<\/p>\n","protected":false},"featured_media":4101,"comment_status":"open","ping_status":"closed","template":"","meta":{"content-type":""},"product_brand":[],"product_cat":[61],"product_tag":[],"class_list":{"0":"post-4081","1":"product","2":"type-product","3":"status-publish","4":"has-post-thumbnail","6":"product_cat-blusas","8":"first","9":"instock","10":"shipping-taxable","11":"purchasable","12":"product-type-simple"},"_links":{"self":[{"href":"https:\/\/www.donachiquinhamf.com.br\/index.php?rest_route=\/wp\/v2\/product\/4081","targetHints":{"allow":["GET"]}}],"collection":[{"href":"https:\/\/www.donachiquinhamf.com.br\/index.php?rest_route=\/wp\/v2\/product"}],"about":[{"href":"https:\/\/www.donachiquinhamf.com.br\/index.php?rest_route=\/wp\/v2\/types\/product"}],"replies":[{"embeddable":true,"href":"https:\/\/www.donachiquinhamf.com.br\/index.php?rest_route=%2Fwp%2Fv2%2Fcomments&post=4081"}],"wp:featuredmedia":[{"embeddable":true,"href":"https:\/\/www.donachiquinhamf.com.br\/index.php?rest_route=\/wp\/v2\/media\/4101"}],"wp:attachment":[{"href":"https:\/\/www.donachiquinhamf.com.br\/index.php?rest_route=%2Fwp%2Fv2%2Fmedia&parent=4081"}],"wp:term":[{"taxonomy":"product_brand","embeddable":true,"href":"https:\/\/www.donachiquinhamf.com.br\/index.php?rest_route=%2Fwp%2Fv2%2Fproduct_brand&post=4081"},{"taxonomy":"product_cat","embeddable":true,"href":"https:\/\/www.donachiquinhamf.com.br\/index.php?rest_route=%2Fwp%2Fv2%2Fproduct_cat&post=4081"},{"taxonomy":"product_tag","embeddable":true,"href":"https:\/\/www.donachiquinhamf.com.br\/index.php?rest_route=%2Fwp%2Fv2%2Fproduct_tag&post=4081"}],"curies":[{"name":"wp","href":"https:\/\/api.w.org\/{rel}","templated":true}]}}